 + 5. Let v(b) = 2*b + 0*b**2 - r*b**2 - 2 + 2*b - b**3. Determine v(-6).
10
Suppose z + 0*x + x - 19 = 0, -2*z - x = -43. Let p(j) = -z*j**2 + 7*j**2 + j + 14*j**2. Calculate p(-1).
-4
Let k(z) = -z**3 - 3*z**2 + 2*z - 2. Let q be (-1 + 5/10)/(2/12). Determine k(q).
-8
Let q(z) be the first derivative of z**4/4 - 5*z**3/3 - z**2/2 - z - 518. Determine q(4).
-21
Let o(c) = 20*c**3 - 3*c - 15. Let n(x) = -x - 1 + 7*x**3 - 4 - 6 + 6. Let f(p) = 17*n(p) - 6*o(p). Determine f(0).
5
Let f(k) = -k**3 - k**2 + 5. Let d(t) = 4*t**3 + 2*t**2 + t - 16. Let x(h) = 2*d(h) + 7*f(h). Let v = 360 + -357. Give x(v).
9
Let p(w) = -3*w + 9 + 4*w + 2 + 1. What is p(-3)?
9
Let g be (0 + 3 + -2)/(75/150). Let v(q) be the first derivative of q**5/120 + q**4/24 + q**3/3 + 1. Let k(x) be the third derivative of v(x). Calculate k(g).
3
Let o(p) = 24*p**3 - 30*p**2 - 11*p + 20. Let m(d) = -13*d**3 + 16*d**2 + 6*d - 11. Let a(h) = 11*m(h) + 6*o(h). Determine a(5).
24
Let u(p) be the first derivative of 5/2*p**2 - p + 10. Let q be 4/6*(-3)/2. Determine u(q).
-6
Let o(b) = -5*b - 7*b**3 + 0*b**3 + 4*b + 1. Let x be o(1). Let w(a) = 3*a + 9. What is w(x)?
-12
Let h be (0/(-32))/(-1 - -3). Suppose 15*p - 8*p + 7 = h. Let c(q) = -q + 1. Give c(p).
2
Let i(c) be the first derivative of -c**2 + 6*c - 8. Suppose -4*k - 4*g = 0, 4*g = -5*k + 2 + 3. Suppose -5*b + 3*f = -f - 25, k*b = 2*f + 25. Calculate i(b).
-4
Let r(w) = w + 1. Let g = 2 - -4. Suppose -j = -g*j. Let y be (-12)/(-4 + 0) + j. Calculate r(y).
4
Let x(p) be the first derivative of 1/12*p**4 - 1/3*p**3 + 2 + 0*p + 5*p**2. Let o(j) be the second derivative of x(j). What is o(-2)?
-6
Let c = -10 - -14. Suppose 0*m + c*m = -4. Let j(p) be the third derivative of p**4/24 + p**3/6 - 6*p**2. Calculate j(m).
0
Let l(r) be the second derivative of -r**4/12 + 7*r**3/6 + r**2 - 16*r. Let f(v) = -2*v**2 + 15*v + 5. Let n(o) = -3*f(o) + 7*l(o). Give n(4).
-1
Let b(n) = -n - 5. Suppose 4*v - 10 - 34 = 4*z, 0 = 4*v - 5*z - 43. Suppose -7*a + v + 30 = 0. Calculate b(a).
-11
Let m(o) be the second derivative of o**5/120 - o**4/24 + 7*o**3/3 - 7*o. Let g(p) be the second derivative of m(p). Determine g(0).
-1
Let h(j) = 128764 - 2*j**2 - 128765 + j**2 - 9*j. Determine h(-8).
7
Let p(b) = -b**3 + 7*b**2 + 7*b + 8. Let q be p(8). Let l be (-4)/(-4) + q - -1. Let k(i) = -3*i - 6*i**l - i**3 + 0*i + 2*i. Calculate k(-6).
6
Let r(a) = -5 + 2 - 14*a + 5*a**2 - a**3 - 2 + 11*a. Let k be ((-9)/6)/(9/(-24)). Determine r(k).
-1
Let f(v) = -v**2 + 20*v - 17. Suppose -14*a = -9*a - 95. Let s be f(a). Let l(z) be the first derivative of -z**4/4 + z**3/3 - 2*z + 15. What is l(s)?
-6
Let q(u) be the second derivative of 0*u**2 - 1/12*u**4 + 0 - 44*u - 4/3*u**3. Determine q(-8).
0
Let c = -272 - -281. Let s(n) = -n**3 + 10*n**2 - 9*n - 1. Give s(c).
-1
Let o = 127 + -135. Let s(u) = u - 1. Determine s(o).
-9
Let u(s) = -12*s - 14. Let f(z) = -1. Let o(k) = k - 3. Let c(v) = -4*f(v) + o(v). Let l(a) = 22*c(a) + 2*u(a). Let i be 2/(-1) + 6/(-2). Give l(i).
4
Let k(u) = 1 + 3 - u**2 - 7*u + 6*u**2. Suppose -5*d - 1 = -21. Let j(r) = 6*r**2 - 8*r + 5. Let p(f) = d*j(f) - 5*k(f). Give p(2).
2
Let v be ((-3)/2)/((-21)/(-6) + -4). Let m(b) = 3*b**2 + b**2 + 0 + b - 1 - b**v. What is m(3)?
11
Let n(w) = w - 4. Suppose -7*x + 5 = -6*x. Suppose 0 = x*a + 10. Let p be a/(((-24)/(-15))/(-4)). Determine n(p).
1
Let f(w) = -6*w - 3. Suppose -6 = -2*a + a - v, 5*a - 30 = 4*v. Calculate f(a).
-39
Let g(u) = -4*u**2 + u - 1. Suppose -14 = 2*l + 5*l. What is g(l)?
-19
Let d(n) = -n**3 - 5*n**2 - 3*n + 4. Suppose -4*f - 16 = 4*o + 16, -4*f = 2*o + 24. Let m be d(o). Let y(b) = -4*b + m + 0 + 6. Determine y(4).
-10
Let r be (-8 - -6) + (2 + -2 - -3). Let c(b) = -3*b**2 + b. Calculate c(r).
-2
Let r(x) be the second derivative of x**6/360 + x**5/24 + x**4/8 - 5*x**3/6 - 16*x. Let v(h) be the second derivative of r(h). What is v(-4)?
-1
Let n be (-10)/(-4) - (-15)/(-30). Let j(l) = 4*l**2 + l - 5. Let v(g) = g**2 - 1. Let o(s) = -j(s) + 3*v(s). Calculate o(n).
-4
Let g(q) = 2*q**3 + 3*q**2 + 6*q - 4. Let a(x) = -x**3 - 2*x**2 - 3*x + 2. Let o(h) = 5*a(h) + 3*g(h). Calculate o(2).
8
Suppose 0*y + 6 = 3*y. Let t(x) = x**3 + x + 2 - 2 - 6*x**y + 4. Let u = 1 - -5. Calculate t(u).
10
Let u(h) = h**3 - 3*h**2 - h. Let f be 27/(-3)*(-1)/(-6)*-2. Let k(t) = -2*t**3 + 6*t**2 + 3*t. Let y(i) = f*k(i) + 5*u(i). What is y(4)?
0
Let q(k) = 19*k + 6. Let o(n) = 10*n + 2. Let f(r) = 5*o(r) - 2*q(r). Determine f(2).
22
Let l(q) = q**2 + 7*q - 5. Let r be (-26)/3 - 14/(-21). Let f be l(r). Let x(i) = 0*i**f + 2*i**2 - 4*i**3 + 3*i**3 - 2 + i**2 + i. Give x(3).
1
Let j(m) be the third derivative of -m**6/120 + m**5/10 + m**4/4 - m**3/6 + 2*m**2. Suppose -3*r + r = -8. Suppose 2*o - r = 10. Calculate j(o).
-8
Suppose 4*h - 4*d = 0, -4*d + 5 = 2*h + 23. Let x = 5 + h. Let j(f) = 1 + f**2 - 2*f**x - 2. Determine j(2).
-5
Let q(b) be the third derivative of -7*b**4/24 - b**3/6 + 479*b**2. Suppose 2*s + 1 + 1 = 0. Give q(s).
6
Let m(g) = g**3 - 16*g**2 + 22*g - 110. Let r be m(15). Let s(a) = a - 4. Calculate s(r).
-9
Let k(i) be the second derivative of 9/2*i**2 - 1/6*i**3 + 0 - 3*i. Suppose 5*l + 9*q - 5*q = 23, -12 = -3*l - 3*q. Calculate k(l).
2
Let c(v) be the second derivative of v**4/12 + 4*v**3/3 + 7*v**2/2 - 5*v + 4. Let s = 11 - 19. Calculate c(s).
7
Suppose -3*n - 2 = -5. Suppose w + n = -4*i, 6 = 5*i + 1. Let a(d) = -6*d + 8. Let r(g) = -4*g + 4. Let h(l) = -3*a(l) + 5*r(l). Give h(w).
6
Let z(u) = -u**2 - 5*u - 9. Let a be z(-2). Let s be (-24)/(-15) + (-2)/(-5). Let h(g) = 0*g + g**2 + g + 2*g**2 - 2*g**s. Calculate h(a).
6
Let n = -8 + 16. Let h = -22 + 28. Let x(q) = h - q - 2 - 1. Calculate x(n).
-5
Let i(t) = 8*t - 3 - 8*t - 1 + 2*t**2. Let s(k) = k**2 + k + 3. Let v be s(0). What is i(v)?
14
Let j be 638/(-58)*(-1 + 0)*1. Let w(z) = 2*z - 19. Calculate w(j).
3
Let s(m) = m + 3. Let y be s(2). Let z be 2*1 + (7 - y). Let r(j) = j + j + 0 + 2. Give r(z).
10
Let a(m) = 2*m - 6*m + 22 + 2*m + 28 - 2*m. What is a(11)?
6
Let r(k) = -k**3 + 18*k**2 + 18*k + 16. Let q(s) = -21*s**2 + 93*s - 17. Let p be q(4). Calculate r(p).
-3
Let o(r) = 2*r**2 - r + 1. Let v(l) = l**3 + 2*l**2 - 4*l - 2. Let b(h) = -2*o(h) + v(h). Calculate b(3).
-1
Let a(i) be the first derivative of -i**2 - 28*i + 27. Let p(k) = 2*k - 3. Let x be p(-5). Let c be a(x). Let m(f) = 4*f + 2. What is m(c)?
-6
Let q(o) = -37*o + 113. Let x be q(3). Let u(y) be the second derivative of -y**3/3 - y**2/2 + 2*y. Give u(x).
-5
Let i(n) = 2 + 2141*n - 2*n**3 - 2*n**2 - 1 + 2 - 2140*n. Give i(-2).
9
Suppose 104 = -5*w + 3*j, -3*w - 4*j - 7 = -2*w. Let l = w - -13. Let b(n) = n**2 + 9*n + 7. Determine b(l).
-11
Suppose -h + 4*p + 36 = 3*h, -5*p = -25. Let t = h + -10. Let c(i) be the third derivative of -i**5/60 + 5*i**4/24 - i**3/3 + 9*i**2. Give c(t).
2
Let t(n) = n**3 + 8*n**2 + n + 11. Let o = -6 - 2. Let s be t(o). Let r(i) = -4*i + s*i - 4*i - 2 - i**2 + 3*i. What is r(-4)?
-10
Let k be (-1)/(2 - 1) - 1. Let s(f) be the second derivative of -f**3/3 + f**2 + 4*f + 7. Determine s(k).
6
Let q(t) = 3*t + 4. Suppose -2*f = 4*w - 7*f + 17, 5 = 5*f. Give q(w).
-5
Suppose 5*q = -25, -5*j + j = 3*q + 3. Let a(v) be the second derivative of -2/3*v**3 + 0 - j*v**2 + v. Give a(-6).
18
Suppose 5*o = 5*r + 55, 80*r = -2*o + 79*r + 22. Let v(u) = -u**2 + 8*u + 2. Give v(o).
-31
Let b = 2 + -4. Let h(o) = -o - 2. Let v(f) = f + 2. Suppose 0 = 5*y + 5*m, y - 8 = -5*m - 0. Let q(g) = y*v(g) - 3*h(g). Determine q(b).
0
Let z be (-8)/12 + 8/3. Let i(h) = 4*h - 6*h - 6 - h**z - 4*h. Let t = -6 - -1. Determine i(t).
-1
Let p(g) be the second derivative of -g**5/20 - g**4/2 + g**3/6 - 2*g**2 - 166*g. Give p(-6).
-10
Let z(d) be the second derivative of -d**3/6 - 29*d**2 + 140*d - 2. Determine z(0).
-58
Let x(n) be the first derivative of -n**4/4 - 7*n**3/3 - 3*n**2/2 - 2*n + 493. Determine x(-7).
19
Let r(h) = -h**2 + 14*h + 21. Let g be (3/(-2))/((-3)/30). Calculate r(g).
6
Let d = 26 - 40. Let j = d + 10. Let x(m) = 3*m**3 + 2*m**2 - 2*m + 3. Let z(k) = -10*k**3 - 5*k**2 + 7*k - 9. Let t(c) = 7*x(c) + 2*z(c). Give t(j).
3
Let z(j) = 5 + 0*j - 4*j + 2*j - j**2. Suppose -5*n = -f - 145, n = 3*n - 3*f - 71. Let x = 24 - n. Determine z(